se 3*m - 3 + 0 = 0. What is a(m)?
-1
Let s(k) = -11 - 2*k**3 + 5*k**2 - 6*k + 3*k**3 + 9. Calculate s(-6).
-2
Let i(y) = 4*y - 13. Let g(j) = -5*j + 15. Let w(f) = -3*g(f) - 4*i(f). Give w(8).
-1
Suppose 0 = -g - 3, -14 = -b - 4*g - 3. Let n = 15 - b. Let i be 3/(-2)*n/(-3). Let c(t) = -t**3 - 4*t**2 - 2*t - 3. What is c(i)?
5
Let b(l) = -l - 1. Let a(d) = -3*d - 2. Let t(m) = -2*a(m) + 5*b(m). Suppose -3*j - 2*y - 38 = 2*y, -2*j = 3*y + 27. Determine t(j).
-7
Let j(t) = 2 + 7 - 20*t + 15*t + t**2. What is j(6)?
15
Let u(w) = w**3 - 5*w**2 + 5*w - 2. Suppose -3*a - 1 + 13 = 0. Calculate u(a).
2
Let m(d) = d**2 + 6*d - 15. Let p be m(-8). Let k(v) = 11*v**2 - 1. Calculate k(p).
10
Suppose 10 = 2*s + 3*c, 0 = s - c + 3*c - 5. Let y(i) = 3*i**2 - 40*i - 4*i**2 + 0*i**2 - 1 + 47*i. Give y(s).
9
Let u(z) = 2*z**2 + 4*z**2 + 3 - 5*z**2 + z**3 - 7*z + 4*z**2. What is u(-6)?
9
Let a be (2/3)/(8/(-12)) + 7. Let x(u) = u**3 - 7*u**2 + 6*u. Determine x(a).
0
Let i(z) = z**2 - 6*z + 6. Suppose 2*j = -3*j + 45. Let g = j - 4. Give i(g).
1
Let j(u) = -u**3 - 5*u**2 - 5*u + 4. Suppose m + 6 = -2*k, 5*m + 4*k + 19 = 5*k. Calculate j(m).
8
Let s be 1/2*(-1 - -11). Let v(f) = -3*f - 1. Let b(a) = -a. Let j(r) = -r**2 + 4*r - 2. Let w be j(4). Let c(o) = s*b(o) + w*v(o). Give c(5).
7
Let x = 12 - 13. Let c(i) be the third derivative of i**8/10080 + i**7/5040 + i**5/30 + 2*i**2. Let q(g) be the third derivative of c(g). Calculate q(x).
1
Let f be (-12)/(-3) - (-2 + 6). Let t(l) = l**3 + 2. Determine t(f).
2
Let r(t) = -t**3 + t**2 + t + 2. Let i be 4/(-14) - 25/35. Let c = i - -3. Let w be r(c). Let v(d) = -d**3 + d**2 + d + 7. Give v(w).
7
Suppose t - 5*x + 4 = -2*t, 2 = 2*t - x. Let j(l) = -3 + l + 5 - l**3 + 5*l**2 - t. Give j(5).
5
Let p(j) = -j**2 - 4*j + 2. Let o(y) = -y**3 + 7*y**2 - 4*y - 6. Let h be o(6). Suppose h*k + i + 20 = k, -4*i + 30 = -2*k. Calculate p(k).
-3
Let l(m) be the first derivative of m**4/4 + 5*m**3/3 - 5*m**2/2 + m + 6. Give l(-6).
-5
Let r(k) = -k**3. Suppose -38 = 18*z - 2. What is r(z)?
8
Let j(b) = -2*b + 30. Let m be j(0). Let z = m + -27. Let o(q) = 2*q**2 - 3*q + 2. Give o(z).
11
Let z(u) = 2 - u - 9*u + 11*u. Let x(v) = v**3 + v**2 + v. Suppose 0 = -6*p + p. Let f be x(p). Determine z(f).
2
Let y(k) be the third derivative of k**8/5040 + k**7/1680 + k**6/360 + k**5/12 - 4*k**2. Let n(o) be the third derivative of y(o). Calculate n(-2).
12
Let x(c) be the second derivative of c**2 + 0 - c - 1/6*c**3. Let i = 148 + -144. What is x(i)?
-2
Let p(z) = -11*z + 9*z - 5*z**2 + 3*z + 5 - z**3. Determine p(-5).
0
Suppose 5*d + 5*m + 30 = 0, 0*d + d + 3*m = -10. Let z(v) be the second derivative of -1/20*v**5 + 3/2*v**2 + 0*v**3 - 3*v - 1/3*v**4 + 0. Give z(d).
3
Suppose 0*l - 4*f = -4*l - 28, 0 = 4*l + 3*f. Let v be (-10)/l*6/4. Let u(b) = b**2 - 5*b - 2. What is u(v)?
-2
Let c(f) be the second derivative of -5*f**3/6 + 7*f**2/2 + 13*f. Determine c(7).
-28
Suppose -k + 3*k - 6 = 0. Let x be k - ((-1)/(-1) + -3). Let f(h) = -4*h**3 + 4*h**3 + h**3 - x. What is f(0)?
-5
Let y(p) = -5*p + 56. Let n(m) = m - 11. Let k(o) = -11*n(o) - 2*y(o). Let g be (2/(-6))/(2/(-30)). Give k(g).
4
Let n(w) = 0 - w**2 - 1 + 10*w**2 + 2 - 2*w. What is n(1)?
8
Let l(x) = -x**2 + x + 1. Let h(j) be the second derivative of -2*j**4/3 + j**3/3 + 11*j**2/2 + 3*j. Let g(i) = -h(i) + 6*l(i). What is g(-4)?
11
Let j(s) = s**2 + 5*s. Let g(r) = r**2. Let z(x) = 2*g(x) - j(x). Let t = -177 - -181. Determine z(t).
-4
Let i(h) = -3*h**3 + h. Suppose 3*o + o = 4. Calculate i(o).
-2
Let f(h) = -h + 1. Let k(t) be the second derivative of -t**5/20 + t**4/2 - t**3/6 + 2*t**2 + 4*t. Let a = 4 + 2. Let d be k(a). What is f(d)?
3
Let t(k) = k**3 - 5*k**2 + 2*k - 7. Suppose -2*s - 11 = -p - 4*s, s = -5*p + 28. What is t(p)?
3
Let r(s) = 3*s + 0 + 0*s - 3 - 4*s. Let n = 2 - 4. Calculate r(n).
-1
Let c(q) = 1 + q**2 - q**3 + 12*q**2 + 1. Let v be c(13). Let p(g) = -3*g + 3. Determine p(v).
-3
Suppose j - 3 = -2. Let k(a) = -2*a**3 - a**2 + a - 1. What is k(j)?
-3
Let w be 3 + 6*(-2)/(-4). Let v(s) = 5*s**3 - 41*s**2 + 10*s - 11. Let r(z) = -z**3 + 8*z**2 - 2*z + 2. Let c(i) = 11*r(i) + 2*v(i). Calculate c(w).
-12
Let k(r) be the third derivative of -1/8*r**4 - 1/3*r**3 + 0*r - 4*r**2 + 0. Calculate k(-4).
10
Let v(k) = -12*k**3. Suppose y - 2*y = -3. Suppose 25 = 4*x + 3*d, -5*x + 17 = -y*x + 3*d. Let f be 4/(12/9) - x. Calculate v(f).
12
Let l(i) = i**3 - 2*i + 7. Let v be l(0). Suppose 0 = 2*f - v - 5. Let s(r) = -r**2 + 4*r + 7. What is s(f)?
-5
Suppose n = 5*n - 8. Let c(k) = 2 - n + k. Let w be c(-3). Let o(f) = 2*f - 2. Determine o(w).
-8
Let k(o) be the second derivative of -o**5/20 + o**4/3 + 5*o**3/6 + 5*o**2/2 - o. Give k(5).
5
Let d(t) = 4*t - 4*t**2 + 13 + 5*t**2 + 6*t. Let m be d(-9). Let o(c) = -2*c + 5. Give o(m).
-3
Let m(k) = 36*k + 3 - 4 - 36*k + 7*k**2. Let x(y) = -y. Let v be x(-1). Let j = v - 0. Calculate m(j).
6
Let v(l) = -5*l**3 + 9*l**2 + 4*l + 10. Let p = 5 + -11. Let a(u) = -14*u**3 + 26*u**2 + 11*u + 29. Let q(n) = p*a(n) + 17*v(n). What is q(-4)?
4
Let k(s) = s + 3. Let d(q) = -q**3 - 8*q**2 + 9*q + 4. Suppose g - 4*g - 27 = -2*r, 2*g + 18 = 3*r. Let u be d(g). What is k(u)?
7
Let p(n) = 7*n**3 + n**2 + 2*n + 2. Let a be p(-1). Let c(m) = -m - 1. What is c(a)?
5
Let i be -4 - (-9)/((-27)/(-12)). Let t(b) be the third derivative of -b**5/60 + b**4/24 - 5*b**3/6 + b**2. Determine t(i).
-5
Let n(l) be the first derivative of l**4/12 - 2*l**3/3 + l**2/2 - 2*l - 2. Let i(w) be the first derivative of n(w). Give i(3).
-2
Let n(u) = u**3 - u. Let r(z) = 5*z**3 + 2*z**2 - 4*z + 3. Let p(o) = 6*n(o) - r(o). Calculate p(3).
0
Let a(t) be the second derivative of t**4/12 + t**3/6 - t**2/2 + t. Let i(s) = 4*s**2 + 3*s + 1. Let p(v) = -5*a(v) + i(v). Calculate p(-5).
-9
Let l be ((-8)/(-6))/(14/525). Let q be l/(-15)*6/(-4). Let d(t) be the first derivative of t**3/3 - 2*t**2 + 2*t + 1. Give d(q).
7
Let d(s) be the third derivative of 0 - 2/3*s**3 - 1/15*s**5 + 2*s**2 + 0*s - 1/120*s**6 + 0*s**4. What is d(-4)?
-4
Let p = 53 + -26. Let f(r) = -p*r**3 - r + 28*r**3 + 0*r + 0*r - 4 + 4*r**2. Calculate f(-4).
0
Let q(w) = -w + 2*w**3 - 10*w**2 + 3*w**3 - 1 - 3*w**3 - w**3. Let f(j) = j**3 - 9*j**2 - 2*j. Let y(o) = -5*f(o) + 4*q(o). What is y(6)?
-4
Let b(w) = -9*w - 1. Let a = 1 - 2. Determine b(a).
8
Let k(j) = 9*j + 11. Let r(v) = 3*v + 4. Suppose -2*p = -3*i - 10 + 2, -i = 3*p - 12. Let y(g) = p*k(g) - 11*r(g). Give y(-4).
-12
Let a(k) = 11*k**2 + 4*k - 15. Let g(f) = 5*f**2 + 2*f - 7. Let u(y) = 6*a(y) - 13*g(y). Give u(2).
1
Let i(r) be the third derivative of r**5/12 + r**3/6 + 17*r**2. Suppose -5*c = 3*k - 12, -6*k - 2*c = -3*k - 3. Give i(k).
6
Let r(k) be the first derivative of k**3/6 - 3*k**2/2 - 4*k - 2. Let j(q) be the first derivative of r(q). Calculate j(-5).
-8
Let k(t) = t**2 - 4. Suppose 5*b = h + h + 23, 0 = b + 4*h + 13. Calculate k(b).
5
Let h = 9 + -5. Suppose -2*k + 3*o = -3, k - 2*o = h - 2. Let f(b) = -2*b - 3 + b**2 + b - 5. Calculate f(k).
-8
Let n(c) = -c**2 - 5*c + 2. Suppose -2*w - w = 0. Suppose w = -2*g - 2*g - 3*f - 29, -4*f = -4*g - 8. Determine n(g).
2
Let c(a) be the second derivative of 3*a**5/20 - a**4/12 + a**2/2 + 48*a. Give c(-1).
-3
Let k(v) = -v**2 - 9*v - 8. Suppose 0 = 36*b - 37*b - 6. Determine k(b).
10
Let m(z) = 1 + z - 9*z + 6 + z**2 + 2. Let f(n) = -n**2 + 1. Let k(o) = -6*o**2 + 3*o + 9. Let l(b) = -9*f(b) + k(b). Let s be l(-2). What is m(s)?
-3
Let i(d) = d**2 + d + 2. Let j be i(0). Let r(m) = -3*m. Give r(j).
-6
Let d(a) = 2*a + 9. Let y = 85 + -91. Determine d(y).
-3
Let c(v) = -v**3 - 4*v**2 - 13. Let a(g) = 2*g**3 + 7*g**2 + 25. Let b(j) = -3*a(j) - 5*c(j). What is b(0)?
-10
Suppose -8 = -4*o + 8. Let r(b) = 2*b - b**2 + 1 + 2*b**2 - 5*b + 0. What is r(o)?
5
Let f(b) = b**2 - 6*b - 5. Suppose k - 3 = 2. Calculate f(k).
-10
Let u be (-7)/1*((-140)/49)/4. Let y(j) = j**3 - 6*j**2 + 5*j + 5. What is y(u)?
5
Suppose -2*k - k + j = -15, -5*k + 33 = j. Let d(b) = 6*b**2 - b**3 - 61*b + 125*b - 55*b - 7 - b**2. Calculate d(k).
11
Suppose 2*c = 2*h + 10, -5*h + 7 = 3*c - 0. Let b = 3 - 2. Let a(u) = b + 0 - 8*u + 2*u. Calculate a(h).
7
Let x(p) = 6*p + 4. Let w(f) = 1. Let h(a) = 3*w(a) + x(a). Let n(c) = 5*c 